362 - 650. What is the highest common divisor of c and 162?
18
Suppose 2*v - 123 = -3*j, -4*v + 50 + 208 = 2*j. Let i = -156 - -88. Let f = -46 - i. What is the highest common divisor of f and v?
22
Suppose -26 - 142 = -6*i. Suppose 0 = 22*h - i*h + 12. Calculate the greatest common factor of h and 2.
2
Let o be (-4 - (-2)/6)*-12. Suppose -176 = -8*c + 4*c. What is the greatest common factor of c and o?
44
Suppose -4*o - 51 = -127. Let l(q) = -q**3 + 18*q**2 + 19*q + 5. Let c be l(o). What is the highest common divisor of 1 and c?
1
Suppose -9*b = 286 + 83. Let k = b + 52. What is the greatest common factor of 110 and k?
11
Suppose 4*p - 18 = 2*c - 0*c, 3*c - 3*p = -18. Let q be 18/4*(c + 9). Let s = 32 + -23. What is the highest common factor of s and q?
9
Let t(v) = -v + 46. Let l be t(3). What is the highest common factor of 43 and l?
43
Let z(m) = -7*m - m**3 + 11 - 90*m**2 + 0*m**3 + 79*m**2 + m. Let x be z(-11). Calculate the greatest common factor of x and 11.
11
Suppose -14*t - 4416 = -37*t. What is the highest common divisor of t and 128?
64
Let f(h) = h**2 - 30. Suppose -2*m + 14 - 30 = 0. Let c be f(m). What is the greatest common factor of 272 and c?
34
Suppose -4*t = -17*h + 14*h + 1047, 0 = -5*h - 3*t + 1716. What is the greatest common divisor of h and 15?
15
Suppose 2*j - 12 = -2*j - t, 0 = -t. Suppose 1347 - 1307 = 20*k. What is the highest common factor of k and j?
1
Let u be (-93)/(-7) + (-4)/14. Suppose 0 = -11*c + 6*c + 575. Suppose 2*o = -w + c, -7*w + 2*w - 4*o = -581. Calculate the highest common factor of u and w.
13
Suppose 5*c = 63 + 222. Suppose -2*k + g = -36, -2*g + 32 = 28. Calculate the greatest common divisor of k and c.
19
Suppose 2 + 3 = -5*b, 2*b = 3*x - 206. Suppose 0 = k - 0*k - 17. What is the highest common factor of k and x?
17
Let s(h) = 4*h - 15 - 6*h - 6*h. Let f be s(-10). What is the highest common divisor of 26 and f?
13
Let s = -928 + 1020. What is the greatest common factor of s and 46?
46
Let r(w) = 27*w - 46. Let c be r(7). Let p = -133 + c. Calculate the greatest common factor of p and 4.
2
Let a(d) = 7*d + 2*d - 4*d - 4*d. Let u be a(3). Let q be (-33)/1*(-2)/u. Calculate the greatest common divisor of q and 2.
2
Let l = -17 - -64. Let n = -477 - -479. Suppose l = 4*m + 3*f - 165, -n*m = f - 104. What is the highest common factor of 10 and m?
10
Let t be 1 - 1 - (2 + 14). Let p = t - -28. What is the highest common factor of p and 48?
12
Suppose 15*h - 10*h - 10 = 0. Suppose -r + 49 = 3*k, -h*k - 3*k + 87 = -r. What is the greatest common factor of k and 136?
17
Let l(u) = -u**3 + 12*u**2 + 18*u - 45. Let n be l(13). Calculate the greatest common factor of 5 and n.
5
Suppose -5*v = 517 - 832. Calculate the highest common factor of 7 and v.
7
Let o = 1 - -57. Let q = -55 + o. What is the greatest common factor of 51 and q?
3
Let c(p) = -7*p - 47. Let d be c(-8). Let t be 90/75*30/4. Calculate the highest common factor of d and t.
9
Suppose -3 = -3*l + z + 100, 4*z + 62 = 2*l. What is the greatest common factor of l and 56?
7
Let p = -958 - -1070. What is the highest common factor of p and 64?
16
Let q(k) be the second derivative of k**5/20 - 3*k**4/4 - 10*k**3/3 - 4*k**2 - 29*k. Let c be q(11). Calculate the highest common factor of 35 and c.
7
Suppose x + 47 = 2*r + 169, 5*r - 475 = -4*x. Calculate the greatest common factor of 15 and x.
15
Suppose 4*d - 91 = -3*d. Let f = d + 43. What is the greatest common factor of f and 7?
7
Suppose 0 = -2*m + 58 + 16. Suppose -36*n = -m*n + 2. What is the greatest common divisor of 20 and n?
2
Suppose 8 = -2*f, -4*f + 34 + 6 = 4*o. Let q(d) = -9*d - 28. Let t be q(-14). Calculate the greatest common factor of t and o.
14
Let v be (71/(-3) - 3)*(-72)/10. What is the highest common divisor of 6 and v?
6
Suppose 19*k - 3240 = k. What is the highest common divisor of k and 1710?
90
Suppose 2*g = 58 - 44. What is the highest common factor of 56 and g?
7
Suppose -10379 - 114622 = -51*o. Calculate the greatest common divisor of 114 and o.
57
Let c = -34 - -243. Let i be (-7)/((-1)/6*-2). Let l be (-14)/i*(-114)/(-4). Calculate the greatest common divisor of l and c.
19
Let k = 2424 - 2372. Calculate the greatest common divisor of 39 and k.
13
Suppose -1146 = 3*l - 1218. Calculate the highest common divisor of l and 492.
12
Let q be (-24)/16*(-10)/3. Suppose q = -4*p + 1, 3*p = w + 169. Let m = w + 304. What is the greatest common divisor of m and 12?
12
Let t be -6 + 32 + -6 + -8. What is the highest common divisor of t and 2868?
12
Let c(x) = x**3 + 8*x**2 + 9*x + 19. Let b be c(-7). Let a be 28/(-70)*b/2*-98. What is the greatest common divisor of 14 and a?
14
Let n = -27 - 32. Let z = n - -105. Calculate the greatest common divisor of z and 115.
23
Suppose 0 = 7*j - 460 - 44. Calculate the highest common factor of j and 9.
9
Let x be (0 + -6)/(-24) - (-5182)/8. What is the greatest common divisor of x and 81?
81
Let s = 160 - 147. Suppose 5*a - s = 7. Calculate the highest common divisor of a and 6.
2
Suppose 5*f + 60 = 4*c, -2*c + 11*f - 6*f = -40. Suppose -4*j = 3*g - 114, 2*j - 5*g = -34 + 104. What is the highest common factor of c and j?
10
Let l = -32 + 69. Let r = -12 - -49. What is the greatest common divisor of r and l?
37
Let q(p) = -p**3 + 27*p**2 + 95*p - 24. Let k be q(30). What is the highest common divisor of 1386 and k?
126
Let z(r) = 2*r**2 + r + 5. Suppose 17 = 4*y - 3. Let l be z(y). What is the greatest common divisor of 6 and l?
6
Suppose 2*k + 10 = 2*g, 0 = -2*g - 5*k - 13 + 2. Suppose -10 = 2*n - 4*s + g, -n - 7 = -s. Let x = n + 9. Calculate the highest common factor of x and 1.
1
Let c = 33 + -30. Suppose -2*o + 3*n + 41 + 9 = 0, -c*o + n = -61. Calculate the greatest common divisor of 19 and o.
19
Let g = 0 + 55. Let b = -35 + g. Calculate the greatest common divisor of b and 15.
5
Let q = -3347 + 3371. Suppose -670 = -4*r + 2*n, -3*r + 675 = r + 3*n. What is the highest common factor of r and q?
24
Let p(c) = c**2 + 23*c + 159. Let w be p(-12). Calculate the greatest common factor of 18 and w.
9
Suppose 470*h - 474*h = -280. What is the greatest common divisor of 190 and h?
10
Let i be 2/7 + 30/(-7). Let v = 8 + i. Suppose 2*z + v = 3*z. What is the highest common divisor of z and 28?
4
Suppose 2*p = -3*v + 259 + 21, 0 = -4*v + 2*p + 350. Calculate the highest common factor of v and 195.
15
Let d(i) = -34*i - 47. Let x be d(-2). Calculate the greatest common divisor of x and 18.
3
Let x(w) = -w + 6. Let z be (-1)/(-1)*(2 - -7). Suppose 1 + z = -u. Let n be x(u). Calculate the greatest common factor of n and 8.
8
Let v = -11 - -17. Suppose -6*y + 6 = -v. What is the greatest common divisor of y and 3?
1
Let b = 27 - 25. Calculate the highest common factor of 98 and b.
2
Suppose -2*k + 3*k = c + 96, -3*k = -2*c - 285. Let q = -42 + k. Calculate the greatest common factor of 51 and q.
51
Suppose -266 = -16*t + 70. Calculate the highest common divisor of t and 51.
3
Let h be (-3 - -7)*(-3344)/(-64). Calculate the highest common divisor of 19 and h.
19
Let a be 2/14 + (-728)/(-49). Let h be 54*((-10)/(-4))/(25/5). Let z = 87 - h. What is the greatest common factor of a and z?
15
Suppose -3*j = -4*a + 108, 11*a = 10*a + j + 28. What is the greatest common factor of a and 324?
12
Suppose b + 106 = -5*x + 365, -3*x = -b - 157. Calculate the highest common factor of x and 169.
13
Let o be (-10)/45 - 9/((-162)/40). Let d = 237 - -85. Suppose -d + o = -5*x. What is the greatest common factor of 8 and x?
8
Let a = -10 - -12. Let t be ((-60)/35)/(4/(-14)). Suppose a = t*p - 4. What is the greatest common divisor of 8 and p?
1
Suppose 20*r - 59 = 621. Calculate the highest common factor of 46 and r.
2
Suppose 2*t - j - 101 = 192, -417 = -3*t - 3*j. Let h be -45*((-6)/(-5))/(-3). Calculate the greatest common factor of h and t.
18
Let r(k) = 2*k**2 + 15*k - 84. Let v be r(4). Suppose m - 4*d = 4 + 56, -75 = -2*m - d. Calculate the greatest common factor of v and m.
8
Suppose -4*h + 5*h - 10 = 0. Suppose 0 = 3*x - 1210 - 50. Suppose -x = -4*a + u - 142, -3*a + 204 = -3*u. Calculate the highest common divisor of h and a.
10
Suppose 341*c = 358*c - 272. What is the greatest common factor of 72 and c?
8
Suppose 16*s - 9060 + 1716 = 0. What is t